{"id":2209,"date":"2021-03-04T14:19:19","date_gmt":"2021-03-04T14:19:19","guid":{"rendered":"http:\/\/www.beesilent.cz.uvirt105.active24.cz\/?post_type=product&#038;p=2209"},"modified":"2024-11-21T15:49:26","modified_gmt":"2024-11-21T15:49:26","slug":"zavitova-redukce","status":"publish","type":"product","link":"https:\/\/www.beesilent.cz\/?product=zavitova-redukce","title":{"rendered":"Z\u00e1vitov\u00e1 redukce"},"content":{"rendered":"<p>Z\u00e1vitov\u00e1 redukce pro tlumi\u010de BeeSilent.<\/p>\n<p>Redukce slou\u017e\u00ed pro mont\u00e1\u017e tlumi\u010d\u016f BeeSilent na va\u0161e z\u00e1vity.<\/p>\n<p>Prozat\u00edm m\u00e1me k dispozici tyto z\u00e1vitov\u00e9 redukce:<\/p>\n<p>UNF 1\/2\u201dx20<br \/>\nUNEF 1\/2\u201dx28<br \/>\nUNS 1\/2&#8243;x36<br \/>\nUNEF 5\/8\u201dx24<br \/>\nUNC 5\/8\u201dx11<br \/>\nUNS 3\/4\u201dx24<br \/>\nM12x1,5<br \/>\nM13x1<br \/>\nM13x1LH<br \/>\nM14x1<br \/>\nM14x1LH<br \/>\nM15x1<br \/>\nM16x1<br \/>\nM17x1<br \/>\nM18x1<\/p>\n","protected":false},"excerpt":{"rendered":"<p>Z\u00e1vitov\u00e1 redukce pro tlumi\u010de BeeSilent.<\/p>\n<p>Redukce slou\u017e\u00ed pro mont\u00e1\u017e tlumi\u010d\u016f BeeSilent na va\u0161e z\u00e1vity.<\/p>\n","protected":false},"featured_media":2207,"template":"","meta":[],"_links":{"self":[{"href":"https:\/\/www.beesilent.cz\/index.php?rest_route=\/wp\/v2\/product\/2209"}],"collection":[{"href":"https:\/\/www.beesilent.cz\/index.php?rest_route=\/wp\/v2\/product"}],"about":[{"href":"https:\/\/www.beesilent.cz\/index.php?rest_route=\/wp\/v2\/types\/product"}],"wp:featuredmedia":[{"embeddable":true,"href":"https:\/\/www.beesilent.cz\/index.php?rest_route=\/wp\/v2\/media\/2207"}],"wp:attachment":[{"href":"https:\/\/www.beesilent.cz\/index.php?rest_route=%2Fwp%2Fv2%2Fmedia&parent=2209"}],"curies":[{"name":"wp","href":"https:\/\/api.w.org\/{rel}","templated":true}]}}